 -627 + 660. What is the remainder when 157 is divided by w*-9*(-2)/18?
25
Let x(q) = -q**3 - 22*q**2 - 52*q + 98. Calculate the remainder when 153 is divided by x(-19).
0
Let x(w) = w + 3. Let m be x(6). Let c(o) = -o**3 + 10*o**2 - 8*o - 12. Let r be c(m). Calculate the remainder when (-393)/r - (-3)/((-9)/6) is divided by 33.
30
Let h be 1044/15*(-70)/(-28). Let l = -150 + h. What is the remainder when l is divided by 9?
6
Let w(i) = 31*i**3 - i**2 + 1. What is the remainder when w(2) is divided by (-27048)/(-1092) - 6/(-26)?
20
Suppose -l + 32 = -0*l - i, 3*i = -3*l + 120. Let u(j) = j**2 + 5*j + 105. What is the remainder when u(0) is divided by l?
33
Suppose 2*b - 2*p - 32 - 86 = 0, -5*p = 2*b - 125. Calculate the remainder when 5577 is divided by b.
57
Suppose -35*z + 6174 = -14*z. What is the remainder when z is divided by 35?
14
Suppose 4*m - 3*g - 210 = 0, -65*g + 68*g = -6. What is the remainder when 354 is divided by m?
48
Suppose -9*p - 264 = -p. Let s(h) = 7*h**2 + h. Let d be s(1). Let z = d - p. Calculate the remainder when z is divided by 15.
11
Let q = -150 + 240. What is the remainder when 6 - (-1)/(2 + -1) is divided by q/(-108) - (-85)/30?
1
Let m = 46637 + -45876. What is the remainder when m is divided by 172?
73
Let k be 126/((9 - 8)/(8/12)). Suppose -3*c + 2*z = -60, 2*c - 2*z + k = 7*c. Calculate the remainder when 94 is divided by c.
4
What is the remainder when 625 is divided by 154 + -17 + 44 + -8?
106
Let x = -18450 + 41320. What is the remainder when x is divided by 375?
370
Let u = -111 + 111. Suppose 5*l + 27 - 127 = u. Calculate the remainder when 55 is divided by l.
15
Let l = -37 - -53. Suppose -8*r - 3 = -5*r, -3*o + 8 = 4*r. Suppose -l = -o*z + 8. What is the remainder when 88 is divided by z?
4
What is the remainder when (-10)/(-8) + (-236509)/(-28) is divided by 13?
11
Let f = 408 - 404. Suppose 2*n + f*d = 418, -3*n - 5*d = 290 - 916. Calculate the remainder when n is divided by 53.
48
Let g = -438 - -442. Suppose 277 = 3*l + 5*d, 3*l - 281 = -3*d - d. Calculate the remainder when l is divided by (12 + g + -4)*(-5)/(-3).
19
Let t(h) = 13*h**2 + 27*h - 9. Let o(s) = 5*s**2 + 9*s - 3. Let v(q) = -8*o(q) + 3*t(q). Calculate the remainder when v(4) is divided by (-1 + (-2)/6)*-3.
1
Suppose -107*m + 3455 + 115232 + 42990 = 0. Calculate the remainder when m is divided by 72.
71
Let p be (-5 - 4/(-4))/(2 - 6). Let u = 51 - 7. What is the remainder when u is divided by (-40)/(-12)*6 + -5 + p?
12
Suppose -d = -3*x + 116, 41*d = -2*x + 46*d + 60. Calculate the remainder when 517 is divided by x.
37
Let f(m) = 2*m**3 - 2*m**2 + 5*m + 44. Calculate the remainder when f(7) is divided by 87.
58
Let q(a) = -a + 27. Let n = -4 - -10. Let o(l) = -l + 26. Let c(j) = n*o(j) - 5*q(j). What is the remainder when 43 is divided by c(10)?
10
Let s(h) = -24*h + 153. Let k be s(-18). Suppose -6*z + 5*z = -4*v - 140, -5*z + k = 3*v. Suppose 2*d + d = 123. Calculate the remainder when z is divided by d.
38
Suppose -101*t + 4134 = 7*t + 51*t. Calculate the remainder when 621 is divided by t.
23
Let l(h) = 5*h - 43. Let q be l(9). Suppose -5*f + q*p + 173 = 45, -p = -3*f + 77. What is the remainder when f is divided by 9?
8
Suppose 33 = -2*s - 3*b + 142, 4*b + 116 = 2*s. What is the remainder when 2239 is divided by s?
55
Suppose -3*s + 20*s = -6*s + 10879. Calculate the remainder when s is divided by 30.
23
Let y = 496 + 641. Calculate the remainder when y is divided by 142.
1
Let d(g) = g - 4. Let q = -117 + 153. Calculate the remainder when -1 + q + 44/11 is divided by d(12).
7
Suppose 1078*c - 1077*c - 8 = -2*q, 5*c + 10 = 0. What is the remainder when 145 is divided by q?
0
Let n = -7793 + 13717. What is the remainder when n is divided by 13?
9
Let r = -75 - -84. Let i(p) = p**2 - 11*p + 25. What is the remainder when 10 is divided by i(r)?
3
Suppose 53893 + 11844 = 233*l - 35385. What is the remainder when l is divided by 37?
27
Suppose -625*l - 2336 = -630*l - 2*p, 2*p + 2344 = 5*l. Calculate the remainder when l is divided by 27.
9
Suppose s - 60 = -18. Let q = 3220 + -3211. Calculate the remainder when s is divided by q.
6
Let y(n) = -5*n**2 + 67*n + 195. What is the remainder when 1943 is divided by y(15)?
68
Let o(b) = 76*b + 5709. Calculate the remainder when 185 is divided by o(-74).
15
Suppose 11*p - 6*p = 7*s - 144, -46 = -2*s - p. What is the remainder when 39 is divided by s?
17
Let w(d) = 344*d + 2757. Calculate the remainder when w(-8) is divided by 3.
2
Let t be (-3 - (-50)/15)*-681. Let y = t + 123. Let j = y - -131. What is the remainder when j is divided by 7?
6
Suppose 3*a - 134 = -23. Suppose 3*b - 2*x = 43, -4*b - 4*x = -41 - 43. Suppose -10*z = -b*z + 1022. Calculate the remainder when z is divided by a.
35
Suppose h = 4*l - 85, -h + 1 = l - 19. Suppose 4*n = 2*t - 38, 102 - l = 3*t + 2*n. Calculate the remainder when 30 is divided by t.
5
Calculate the remainder when 372 is divided by ((-207)/(-18) - 8)*272/14.
32
Let v be -3 - (2 + 29*-40). Calculate the remainder when 125 is divided by 7/((-63)/(-2)) + v/27.
39
Let i = 270 + -200. Let d = 62 + -44. Calculate the remainder when i is divided by d.
16
Suppose 0 = 5*r + 4*p - 6*p - 32, -5*r - 4*p + 26 = 0. Suppose -3*f + 14 - 77 = 0. Let u = f + 32. What is the remainder when u is divided by r?
5
Let q = 3112 + -2983. What is the remainder when q is divided by 121?
8
Suppose 56*f = 57*f + o - 294, -f = 3*o - 304. Let u = f + -204. Let x(h) = 2*h**3 - 3*h**2 - 4. Calculate the remainder when u is divided by x(3).
16
Let f(o) = 11*o**2 - 10*o + 32. Let s(z) = 9*z**2 - 10*z + 33. Let i(a) = -4*f(a) + 5*s(a). Calculate the remainder when 47 is divided by i(9).
19
What is the remainder when 5/(15/(-336))*(-168)/48 is divided by 118?
38
Suppose -4*c - 5 = -49. Let n = 95 - c. What is the remainder when n is divided by 34?
16
Suppose 0 = -5*y - d, y + 0*y - 5*d = 0. Suppose y = -o - 33 + 43. Suppose o*z - 6*z - 132 = 0. What is the remainder when z is divided by 5?
3
Let w(c) = 3*c + 5. Let f = -113 + 119. Calculate the remainder when 59 is divided by w(f).
13
Let s(h) = -15*h + 7. Let v be s(-12). Let b = -182 + v. Calculate the remainder when 13 is divided by b.
3
Let i = 93 - 93. Suppose -3*j + 49 + 44 = i. Calculate the remainder when (-3 + 52/(-3))*-6 is divided by j.
29
Let r(z) = -13*z + 1. Let t be r(-1). Let g(q) = -q**3 + 13*q**2 + q - 22. Let n be g(13). Let v = n + t. What is the remainder when v is divided by 4?
1
Let f(v) = -v**3 + 6*v**2 + 5*v + 5. Suppose 0 = 2*b + 3*h - 65, 34*b - 38*b + 5*h = -97. Calculate the remainder when f(5) is divided by b.
27
Let q(y) be the second derivative of -3*y**3/2 - 5*y**2/2 - 2*y. Let t(k) = 7*k + 150. Let j be t(-22). What is the remainder when q(j) is divided by 12?
7
Suppose h + h = 36. Let m be (-9)/((-45)/(-10))*-17. Suppose -7*a + m = 6. Calculate the remainder when h is divided by a.
2
Let k(y) = -4*y - 37. Let z be k(-10). Suppose -z*n = -151 + 7. Let w = n + -35. Calculate the remainder when 25 is divided by w.
12
Suppose -2*i - 3 = -61. Let n be (-634)/(-14) + (-4)/14. Let d = n - i. Calculate the remainder when 28 is divided by d.
12
Suppose -13*n + 0*n = -1443. Let t = -16 + 34. What is the remainder when t is divided by 1/8 + n/8?
4
Suppose -54933 + 24108 = -17*a + 96420. Calculate the remainder when a is divided by 70.
65
Let x(z) = 6*z - 3. Suppose -25*m = -20*m - 5. Let f be x(m). Suppose -2 - 6 = -3*g - 2*i, f*g = -5*i - 7. What is the remainder when 28 is divided by g?
4
Let u(k) = -3*k**2 + 18*k + 3. Suppose 2*h - 7 = -3*h + 4*j, 3*h - 3*j = 3. Suppose -p + 57 = 2*p. What is the remainder when u(h) is divided by p?
11
What is the remainder when 1/(2*2/(-2)*5/(-6690)) is divided by 21?
18
Let q be 6/4*(3 - 11). What is the remainder when (q/(-30))/((-2)/(-20)) is divided by (7 + 161/(-21))/((-3)/18)?
0
Suppose -387*m + 5208 = -366*m. What is the remainder when 770 is divided by m?
26
What is the remainder when 709 is divided by 10 - 1329/(-12)*(-50 + 54)?
256
Let c(a) = a**3 + 40*a**2 - 46*a - 130. Calculate the remainder when 365 is divided by c(-41).
65
Let j(d) = -d + 5. Let m(b) = -b**3 - 11*b**2 - 9*b + 6. Let n be m(-10). Calculate the remainder when j(-5) is divided by 6 - -1 - (-5 +